71
What are the prime factors of 3645153?
3, 43, 9419
List the prime factors of 93329.
93329
List the prime factors of 6742266.
2, 3, 23, 48857
List the prime factors of 652617.
3, 7, 1151
What are the prime factors of 5415303?
3, 1009, 1789
What are the prime factors of 3655404?
2, 3, 59, 1721
What are the prime factors of 727936?
2, 11, 47
List the prime factors of 4289063.
23, 186481
List the prime factors of 4236.
2, 3, 353
List the prime factors of 4128659.
41, 100699
List the prime factors of 647697.
3, 215899
What are the prime factors of 1040671?
1040671
What are the prime factors of 595879?
53, 11243
What are the prime factors of 2810477?
29, 199, 487
List the prime factors of 836031.
3, 7, 41, 971
What are the prime factors of 175427?
7, 19, 1319
What are the prime factors of 291122?
2, 13, 11197
List the prime factors of 462246.
2, 3, 77041
What are the prime factors of 333182?
2, 61, 2731
List the prime factors of 49330.
2, 5, 4933
List the prime factors of 4050479.
71, 89, 641
List the prime factors of 265773.
3, 88591
List the prime factors of 4714166.
2, 19, 131, 947
What are the prime factors of 4082032?
2, 255127
List the prime factors of 3974681.
3974681
List the prime factors of 2841361.
2841361
List the prime factors of 405565.
5, 29, 2797
What are the prime factors of 120124?
2, 59, 509
What are the prime factors of 1040130?
2, 3, 5, 7, 13, 127
List the prime factors of 148206.
2, 3, 17, 1453
What are the prime factors of 19770741?
3, 2196749
What are the prime factors of 11520581?
11520581
What are the prime factors of 987166?
2, 493583
List the prime factors of 29963229.
3, 37, 269939
List the prime factors of 488540.
2, 5, 13, 1879
What are the prime factors of 234228?
2, 3, 131, 149
What are the prime factors of 29340221?
29340221
What are the prime factors of 830709?
3, 11, 2797
List the prime factors of 292526.
2, 13, 11251
List the prime factors of 1927375.
5, 17, 907
List the prime factors of 11941206.
2, 3, 71, 28031
What are the prime factors of 2059446?
2, 3, 47, 67, 109
List the prime factors of 4928539.
7, 11, 64007
List the prime factors of 110496.
2, 3, 1151
List the prime factors of 8982547.
7, 29, 44249
List the prime factors of 10536305.
5, 13, 37, 337
List the prime factors of 67454.
2, 29, 1163
List the prime factors of 55554.
2, 3, 47, 197
List the prime factors of 761646.
2, 3, 61, 2081
What are the prime factors of 29030180?
2, 5, 1451509
List the prime factors of 14436.
2, 3, 401
List the prime factors of 605143.
7, 11, 29, 271
List the prime factors of 10246988.
2, 17, 31, 4861
What are the prime factors of 10864983?
3, 3621661
What are the prime factors of 25047465?
3, 5, 449, 3719
List the prime factors of 1337764.
2, 17, 103, 191
List the prime factors of 570473.
179, 3187
List the prime factors of 6566518.
2, 7, 469037
List the prime factors of 4378550.
2, 5, 11, 19, 419
What are the prime factors of 3669079?
211, 17389
List the prime factors of 5207554.
2, 11, 236707
List the prime factors of 696894.
2, 3, 11, 10559
What are the prime factors of 3515591?
281, 12511
List the prime factors of 90513.
3, 89, 113
What are the prime factors of 4436780?
2, 5, 97, 2287
What are the prime factors of 450160?
2, 5, 17, 331
List the prime factors of 324261.
3, 7, 5147
List the prime factors of 425049.
3, 19, 7457
List the prime factors of 1372404.
2, 3, 11, 37, 281
List the prime factors of 1093418.
2, 546709
What are the prime factors of 3611?
23, 157
What are the prime factors of 2601388?
2, 650347
List the prime factors of 624872.
2, 19, 4111
What are the prime factors of 4675669?
4675669
List the prime factors of 7609225.
5, 13, 1801
What are the prime factors of 11167784?
2, 29, 37, 1301
List the prime factors of 186237.
3, 20693
What are the prime factors of 14689254?
2, 3, 29, 84421
List the prime factors of 59822.
2, 7, 4273
What are the prime factors of 10836987?
3, 7, 73721
What are the prime factors of 7277903?
47, 154849
List the prime factors of 2464208.
2, 233, 661
What are the prime factors of 348329?
131, 2659
What are the prime factors of 968780?
2, 5, 59, 821
List the prime factors of 8045.
5, 1609
List the prime factors of 11503553.
11503553
What are the prime factors of 14271563?
31, 460373
What are the prime factors of 698512?
2, 149, 293
List the prime factors of 4837745.
5, 11, 87959
List the prime factors of 2618996.
2, 654749
List the prime factors of 4431987.
3, 7, 103, 683
List the prime factors of 5176490.
2, 5, 11, 47059
What are the prime factors of 884801?
811, 1091
What are the prime factors of 3203570?
2, 5, 457, 701
List the prime factors of 1304481.
3, 434827
What are the prime factors of 9784414?
2, 4892207
List the prime factors of 1082276.
2, 13, 1601
What are the prime factors of 556753?
556753
What are the prime factors of 9203147?
41, 224467
List the prime factors of 174340.
2, 5, 23, 379
List the prime factors of 122256.
2, 3, 283
List the prime factors of 11032910.
2, 5, 7, 277, 569
What are the prime factors of 19370912?
2, 11, 113, 487
List the prime factors of 1200823.
13, 71, 1301
List the prime factors of 7037088.
2, 3, 73303
What are the prime factors of 344607?
3, 17, 29, 233
List the prime factors of 1998058.
2, 999029
What are the prime factors of 986508?
2, 3, 67, 409
List the prime factors of 92884.
2, 11, 2111
What are the prime factors of 2354254?
2, 7, 24023
What are the prime factors of 226479?
3, 11, 6863
List the prime factors of 640957.
640957
What are the prime factors of 180709?
19, 9511
What are the prime factors of 11816166?
2, 3, 29, 59, 1151
List the prime factors of 508345.
5, 19, 5351
What are the prime factors of 178864?
2, 7, 1597
What are the prime factors of 382184?
2, 11, 43, 101
What are the prime factors of 8847429?
3, 17, 283, 613
What are the prime factors of 29821?
11, 2711
What are the prime factors of 569151?
3, 11, 5749
What are the prime factors of 341314?
2, 47, 3631
What are the prime factors of 2278300?
2, 5, 22783
List the prime factors of 124632.
2, 3, 577
What are the prime factors of 7125926?
2, 919, 3877
What are the prime factors of 6503406?
2, 3, 7, 13, 43, 277
What are the prime factors of 504385?
5, 7, 14411
What are the prime factors of 31162491?
3, 1453, 2383
What are the prime factors of 4728076?
2, 1182019
What are the prime factors of 473590?
2, 5, 13, 3643
What are the prime factors of 4185661?
4185661
What are the prime factors of 7669517?
7669517
List the prime factors of 3946152.
2, 3, 7, 83, 283
What are the prime factors of 11165882?
2, 7, 13, 19, 3229
List the prime factors of 5592821.
13, 19, 22643
List the prime factors of 6168369.
3, 19, 108217
What are the prime factors of 350711?
350711
List the prime factors of 131262.
2, 3, 131, 167
What are the prime factors of 1020950?
2, 5, 7, 2917
What are the prime factors of 11624963?
7, 1660709
What are the prime factors of 3550988?
2, 7, 31, 4091
List the prime factors of 41467.
41467
What are the prime factors of 350888?
2, 23, 1907
List the prime factors of 169623.
3, 47, 401
List the prime factors of 1161500.
2, 5, 23, 101
What are the prime factors of 32879?
7, 11, 61
What are the prime factors of 407667?
3, 13, 10453
What are the prime factors of 1489351?
1489351
What are the prime factors of 461070?
2, 3, 5, 47, 109
List the prime factors of 467626.
2, 61, 3833
List the prime factors of 384378.
2, 3, 64063
List the prime factors of 15892.
2, 29, 137
What are the prime factors of 22047614?
2, 89, 123863
What are the prime factors of 503657?
7, 11, 31, 211
List the prime factors of 1302584.
2, 162823
List the prime factors of 3736958.
2, 19, 43, 2287
What are the prime factors of 5062277?
11, 17, 23, 107
What are the prime factors of 997628?
2, 17, 863
What are the prime factors of 326575?
5, 13063
What are the prime factors of 272195?
5, 7, 11, 101
What are the prime factors of 4207971?
3, 31, 45247
List the prime factors of 491210.
2, 5, 49121
List the prime factors of 2327140.
2, 5, 23, 5059
What are the prime factors of 397336?
2, 49667
What are the prime factors of 1118233?
269, 4157
What are the prime factors of 891231?
3, 11, 113, 239
List the prime factors of 3095562.
2, 3, 103, 5009
List the prime factors of 560.
2, 5, 7
What are the 